{"id":122,"date":"2016-09-06T19:48:29","date_gmt":"2016-09-06T19:48:29","guid":{"rendered":"http:\/\/maiscorcianorte.com.br\/?page_id=122"},"modified":"2016-10-11T13:26:03","modified_gmt":"2016-10-11T13:26:03","slug":"dicas","status":"publish","type":"page","link":"http:\/\/maiscorcianorte.com.br\/?page_id=122","title":{"rendered":"Dicas"},"content":{"rendered":"<div id=\"pl-122\"  class=\"panel-layout\" ><div id=\"pg-122-0\"  class=\"panel-grid panel-has-style\" ><div class=\"siteorigin-panels-stretch panel-row-style-full-width panel-row-style panel-row-style-for-122-0\" data-stretch-type=\"full-stretched\" ><div id=\"pgc-122-0-0\"  class=\"panel-grid-cell\" ><div id=\"panel-122-0-0-0\" class=\"so-panel widget widget_sow-hero panel-first-child panel-last-child\" data-index=\"0\" ><div class=\"so-widget-sow-hero so-widget-sow-hero-default-e4dfb455a4fe-122 so-widget-fittext-wrapper\" data-fit-text-compressor=\"0.85\"><div class=\"sow-slider-base\" style=\"display: none\"><ul class=\"sow-slider-images\" data-settings=\"{&quot;pagination&quot;:true,&quot;speed&quot;:800,&quot;timeout&quot;:8000,&quot;paused&quot;:false,&quot;pause_on_hover&quot;:false,&quot;swipe&quot;:true,&quot;nav_always_show_desktop&quot;:&quot;&quot;,&quot;nav_always_show_mobile&quot;:&quot;&quot;,&quot;breakpoint&quot;:&quot;780px&quot;}\">\t\t<li class=\"sow-slider-image  sow-slider-image-cover\" style=\"background-color: #333333\" >\n\t\t\t\t\t<div class=\"sow-slider-image-container\">\n\t\t\t<div class=\"sow-slider-image-wrapper\">\n\t\t\t\t<h1 style=\"text-align: center\">DICAS<\/h1>\t\t\t<\/div>\n\t\t<\/div>\n\t\t<div class=\"sow-slider-image-overlay sow-slider-image-cover\" style=\"background-image: url(http:\/\/maiscorcianorte.com.br\/wp-content\/uploads\/2016\/09\/painting-924144_1920.jpg);opacity: 0.7\"  ><\/div>\t\t<\/li>\n\t\t<\/ul>\t\t\t\t<ol class=\"sow-slider-pagination\">\n\t\t\t\t\t\t\t\t\t\t\t<li><a href=\"#\" data-goto=\"0\" aria-label=\"display slide 1\"><\/a><\/li>\n\t\t\t\t\t\t\t\t\t<\/ol>\n\n\t\t\t\t<div class=\"sow-slide-nav sow-slide-nav-next\">\n\t\t\t\t\t<a href=\"#\" data-goto=\"next\" aria-label=\"next slide\" data-action=\"next\">\n\t\t\t\t\t\t<em class=\"sow-sld-icon-thin-right\"><\/em>\n\t\t\t\t\t<\/a>\n\t\t\t\t<\/div>\n\n\t\t\t\t<div class=\"sow-slide-nav sow-slide-nav-prev\">\n\t\t\t\t\t<a href=\"#\" data-goto=\"previous\" aria-label=\"previous slide\" data-action=\"prev\">\n\t\t\t\t\t\t<em class=\"sow-sld-icon-thin-left\"><\/em>\n\t\t\t\t\t<\/a>\n\t\t\t\t<\/div>\n\t\t\t\t<\/div><\/div><\/div><\/div><\/div><\/div><div id=\"pg-122-1\"  class=\"panel-grid panel-no-style\" ><div id=\"pgc-122-1-0\"  class=\"panel-grid-cell\" ><div id=\"panel-122-1-0-0\" class=\"so-panel widget widget_sow-headline panel-first-child panel-last-child\" data-index=\"1\" ><div class=\"so-widget-sow-headline so-widget-sow-headline-default-338ea1108df4-122\"><div class=\"sow-headline-container \">\n\t\t\t\t\t\t<div class=\"decoration\">\n\t\t\t\t\t\t<div class=\"decoration-inside\"><\/div>\n\t\t\t\t\t<\/div>\n\t\t\t\t\t<\/div><\/div><\/div><\/div><\/div><div id=\"pg-122-2\"  class=\"panel-grid panel-no-style\" ><div id=\"pgc-122-2-0\"  class=\"panel-grid-cell\" ><div id=\"panel-122-2-0-0\" class=\"so-panel widget widget_sow-editor panel-first-child panel-last-child\" data-index=\"2\" ><div class=\"so-widget-sow-editor so-widget-sow-editor-base\">\n<div class=\"siteorigin-widget-tinymce textwidget\">\n\t<p><a href=\"http:\/\/www.suvinil.com.br\/pt\/guia-de-pintura.aspx\" target=\"_blank\"><img loading=\"lazy\" decoding=\"async\" class=\"aligncenter wp-image-305 size-full\" src=\"http:\/\/maiscorcianorte.com.br\/wp-content\/uploads\/2016\/09\/Guia-de-pintura-Suvinil.png\" alt=\"guia-de-pintura-suvinil\" width=\"4500\" height=\"1750\" srcset=\"http:\/\/maiscorcianorte.com.br\/wp-content\/uploads\/2016\/09\/Guia-de-pintura-Suvinil.png 4500w, http:\/\/maiscorcianorte.com.br\/wp-content\/uploads\/2016\/09\/Guia-de-pintura-Suvinil-300x117.png 300w, http:\/\/maiscorcianorte.com.br\/wp-content\/uploads\/2016\/09\/Guia-de-pintura-Suvinil-768x299.png 768w, http:\/\/maiscorcianorte.com.br\/wp-content\/uploads\/2016\/09\/Guia-de-pintura-Suvinil-1024x398.png 1024w, http:\/\/maiscorcianorte.com.br\/wp-content\/uploads\/2016\/09\/Guia-de-pintura-Suvinil-640x249.png 640w\" sizes=\"auto, (max-width: 4500px) 100vw, 4500px\" \/><\/a><\/p>\n<\/div>\n<\/div><\/div><\/div><div id=\"pgc-122-2-1\"  class=\"panel-grid-cell\" ><div id=\"panel-122-2-1-0\" class=\"so-panel widget widget_sow-editor panel-first-child panel-last-child\" data-index=\"3\" ><div class=\"panel-widget-style panel-widget-style-for-122-2-1-0\" ><div class=\"so-widget-sow-editor so-widget-sow-editor-base\">\n<div class=\"siteorigin-widget-tinymce textwidget\">\n\t<h1 style=\"text-align: justify;\">\u00a0 Conhe\u00e7a o guia de pintura da Suvinil. Um guia amplo, onde voc\u00ea vai encontrar as melhores formas de aplica\u00e7\u00e3o dos produtos da Suvinil em diferentes superf\u00edcies e efeitos decorativos.<\/h1>\n<\/div>\n<\/div><\/div><\/div><\/div><\/div><div id=\"pg-122-3\"  class=\"panel-grid panel-no-style\" ><div id=\"pgc-122-3-0\"  class=\"panel-grid-cell panel-grid-cell-empty panel-grid-cell-mobile-last\" ><\/div><div id=\"pgc-122-3-1\"  class=\"panel-grid-cell panel-grid-cell-empty\" ><\/div><\/div><\/div>","protected":false},"excerpt":{"rendered":"<p>DICAS \u00a0 Conhe\u00e7a o guia de pintura da Suvinil. Um guia amplo, onde voc\u00ea vai encontrar as melhores formas de aplica\u00e7\u00e3o dos produtos da Suvinil em diferentes superf\u00edcies e efeitos decorativos.<\/p>\n","protected":false},"author":1,"featured_media":0,"parent":0,"menu_order":0,"comment_status":"closed","ping_status":"closed","template":"","meta":{"footnotes":""},"class_list":["post-122","page","type-page","status-publish","hentry","post"],"_links":{"self":[{"href":"http:\/\/maiscorcianorte.com.br\/index.php?rest_route=\/wp\/v2\/pages\/122","targetHints":{"allow":["GET"]}}],"collection":[{"href":"http:\/\/maiscorcianorte.com.br\/index.php?rest_route=\/wp\/v2\/pages"}],"about":[{"href":"http:\/\/maiscorcianorte.com.br\/index.php?rest_route=\/wp\/v2\/types\/page"}],"author":[{"embeddable":true,"href":"http:\/\/maiscorcianorte.com.br\/index.php?rest_route=\/wp\/v2\/users\/1"}],"replies":[{"embeddable":true,"href":"http:\/\/maiscorcianorte.com.br\/index.php?rest_route=%2Fwp%2Fv2%2Fcomments&post=122"}],"version-history":[{"count":7,"href":"http:\/\/maiscorcianorte.com.br\/index.php?rest_route=\/wp\/v2\/pages\/122\/revisions"}],"predecessor-version":[{"id":311,"href":"http:\/\/maiscorcianorte.com.br\/index.php?rest_route=\/wp\/v2\/pages\/122\/revisions\/311"}],"wp:attachment":[{"href":"http:\/\/maiscorcianorte.com.br\/index.php?rest_route=%2Fwp%2Fv2%2Fmedia&parent=122"}],"curies":[{"name":"wp","href":"https:\/\/api.w.org\/{rel}","templated":true}]}}